0?
False
Is 222 a factor of 1845930?
True
Is 154919 a multiple of 16?
False
Is 24960 a multiple of 260?
True
Is 98 a factor of 4794552?
True
Does 104 divide 48737?
False
Is 1659836 a multiple of 17?
False
Is 269624 a multiple of 7?
False
Is 74 a factor of 1826616?
True
Is 1214140 a multiple of 170?
True
Is 61 a factor of 40112?
False
Is 18426 a multiple of 6?
True
Is 73 a factor of 177685?
False
Does 42 divide 744492?
True
Does 1577 divide 8687214?
False
Does 22 divide 110946?
True
Does 11 divide 134571?
False
Is 13056 a multiple of 48?
True
Is 10 a factor of 2147066?
False
Does 87 divide 812148?
False
Is 67 a factor of 4451949?
True
Is 4 a factor of 149536?
True
Is 1301316 a multiple of 1019?
False
Is 60573 a multiple of 489?
False
Does 9 divide 739476?
True
Is 15116357 a multiple of 65?
False
Does 173 divide 2235045?
False
Does 257 divide 67883?
False
Is 757473 a multiple of 31?
False
Does 7 divide 1191190?
True
Does 2 divide 3095?
False
Is 2094618 a multiple of 4?
False
Is 5 a factor of 629879?
False
Is 2 a factor of 732041?
False
Is 1969 a multiple of 300?
False
Is 114075 a multiple of 225?
True
Is 78 a factor of 22152?
True
Is 26 a factor of 405922?
False
Is 17 a factor of 454172?
True
Is 7 a factor of 538622?
True
Does 129 divide 1058031?
False
Does 115 divide 25247905?
True
Does 50 divide 96841?
False
Is 29694 a multiple of 23?
False
Is 99 a factor of 1111600?
False
Does 423 divide 3929670?
True
Is 229 a factor of 151872?
False
Is 320910 a multiple of 19?
True
Does 20 divide 69900?
True
Does 67 divide 206614?
False
Is 1653173 a multiple of 827?
True
Is 223399 a multiple of 11?
True
Is 3758408 a multiple of 525?
False
Does 15 divide 4237221?
False
Is 604324 a multiple of 226?
True
Does 49 divide 14994?
True
Is 112 a factor of 2483600?
True
Is 36 a factor of 28008?
True
Is 16296 a multiple of 42?
True
Is 92136 a multiple of 22?
True
Is 4763421 a multiple of 41?
True
Is 8 a factor of 37704?
True
Does 1101 divide 1971250?
False
Is 4505546 a multiple of 175?
False
Does 244 divide 90782?
False
Does 95 divide 18978?
False
Is 4 a factor of 143487?
False
Is 15 a factor of 89756?
False
Is 16 a factor of 622624?
True
Is 14 a factor of 96711?
False
Does 977 divide 27910936?
True
Is 60 a factor of 58386?
False
Is 733338 a multiple of 933?
True
Does 31 divide 354756?
False
Does 95 divide 18707?
False
Is 14082 a multiple of 208?
False
Is 1623888 a multiple of 1134?
True
Is 60 a factor of 467300?
False
Is 56 a factor of 2397941?
False
Is 280718 a multiple of 97?
True
Is 29 a factor of 79257?
True
Is 884640 a multiple of 380?
True
Does 26 divide 2121824?
False
Is 1133 a factor of 1680603?
False
Is 103 a factor of 2439?
False
Is 36 a factor of 331703?
False
Does 7 divide 259566?
False
Is 133 a factor of 10279?
False
Is 799 a factor of 712698?
False
Does 6 divide 28605?
False
Is 445260 a multiple of 82?
True
Is 35 a factor of 2251971?
False
Is 517 a factor of 502611?
False
Is 52 a factor of 127036?
True
Does 163 divide 523882?
True
Is 8 a factor of 141104?
True
Is 2386668 a multiple of 12?
True
Is 19 a factor of 118301?
False
Is 3166 a multiple of 10?
False
Is 75 a factor of 190350?
True
Does 139 divide 4765?
False
Is 57 a factor of 1330038?
True
Is 96119 a multiple of 3?
False
Does 679 divide 5605088?
False
Is 9222 a multiple of 2?
True
Is 3 a factor of 1552827?
True
Does 79 divide 49726?
False
Is 2634862 a multiple of 146?
True
Does 8 divide 108793?
False
Is 12 a factor of 575035?
False
Is 832539 a multiple of 26?
False
Is 7 a factor of 8585?
False
Does 15 divide 287407?
False
Is 53 a factor of 429724?
True
Does 3 divide 6190?
False
Is 223590 a multiple of 5?
True
Is 24768 a multiple of 96?
True
Is 249414 a multiple of 66?
True
Does 40 divide 170502?
False
Is 9 a factor of 85644?
True
Is 19 a factor of 3951769?
False
Is 88 a factor of 9563?
False
Is 153075 a multiple of 15?
True
Is 168 a factor of 4358088?
True
Is 676636 a multiple of 10?
False
Is 1859142 a multiple of 54?
False
Does 641 divide 17103803?
True
Is 1029546 a multiple of 18?
True
Does 26 divide 10753340?
True
Is 546 a factor of 345772?
False
Is 10 a factor of 168994?
False
Is 17 a factor of 8418030?
False
Is 207 a factor of 16871?
False
Does 25 divide 1861525?
True
Is 77644 a multiple of 14?
True
Is 4712 a multiple of 248?
True
Does 146 divide 2468947?
False
Does 72 divide 10198745?
False
Is 13 a factor of 160095?
True
Is 941540 a multiple of 358?
True
Is 296 a factor of 147235?
False
Is 321213 a multiple of 65?
False
Is 10 a factor of 60159?
False
Is 161 a factor of 639412?
False
Does 647 divide 1750782?
True
Does 37 divide 96607?
True
Does 1906 divide 16149526?
False
Is 5329280 a multiple of 16?
True
Does 46 divide 6900165?
False
Is 145 a factor of 210395?
True
Is 28256 a multiple of 8?
True
Does 155 divide 199202?
False
Does 211 divide 10703819?
True
Is 336 a factor of 1081248?
True
Is 93 a factor of 2600838?
True
Does 67 divide 818070?
True
Is 22 a factor of 286916?
False
Is 262756 a multiple of 13?
True
Is 677 a factor of 10024783?
False
Is 2032078 a multiple of 9?
False
Does 783 divide 644409?
True
Does 576 divide 14089517?
False
Is 38402 a multiple of 152?
False
Is 364 a factor of 1973244?
True
Is 1523611 a multiple of 367?
False
Is 37 a factor of 1486663?
False
Is 2044098 a multiple of 21?
True
Is 406633 a multiple of 28?
False
Is 446 a factor of 5318104?
True
Is 194 a factor of 10807934?
True
Does 504 divide 10000572?
False
Is 1175917 a multiple of 42?
False
Is 12 a factor of 6176480?
False
Does 575 divide 5516550?
True
Is 64 a factor of 1288448?
True
Is 7510283 a multiple of 11?
True
Is 98 a factor of 960794?
False
Does 1131 divide 1485098?
False
Is 300472 a multiple of 568?
True
Does 96 divide 2546407?
False
Does 22 divide 1194556?
True
Is 580599 a multiple of 152?
False
Does 189 divide 298809?
True
Is 411482 a multiple of 119?
False
Does 71 divide 430103?
False
Does 39 divide 239779?
False
Does 58 divide 3800624?
True
Does 383 divide 303719?
True
Is 63540 a multiple of 18?
True
Does 392 divide 659703?
False
Is 139 a factor of 253192?
False
Does 43 divide 33067?
True
Is 64 a factor of 1100919?
False
Is 227859 a multiple of 111?
False
Is 63595 a multiple of 35?
True
Is 6 a factor of 937086?
True
Is 160713 a multiple of 7?
True
Is 1114059 a multiple of 10?
False
Is 19895 a multiple of 173?
True
Is 548251 a multiple of 253?
True
Does 232 divide 665380?
False
Is 2304 a multiple of 62?
False
Is 12 a factor of 1092252?
True
Does 33 divide 94181?
False
Is 14 a factor of 285670?
True
Does 59 divide 149084?
False
Does 37 divide 161232?
False
Is 18 a factor of 2226084?
False
Is 55 a factor of 53491?
False
Is 292786 a multiple of 387?
False
Is 53108 a multiple of 16?
False
Is 63 a factor of 131985?
True
Does 862 divide 16989158?
True
Is 180 a factor of 17398528?
False
Is 23 a factor of 680846?
True
Does 205 divide 65758?
False
Is 171 a factor of 568575?
True
Does 17 divide 12257?
True
Does 12 divide 6224196?
True
Is 1044534 a multiple of 107?
True
Is 10 a factor of 344102?
False
Is 7491965 a multiple of 79?
True
Is 102 a factor of 11185763?
False
Is 3442770 a multiple of 27?
True
Does 11 divide 611127?
True
Is 295 a factor of 2597540?
False
Is 16 a factor of 3363879?
False
Is 872205 a multiple of 327?
False
Does 97 divide 81965?
True
Is 347710 a multiple of 71?
False
Does 4 divide 151607?
False
Does 11 divide 2334442?
True
Does 27 divide 271323?
True
Does 387 divide 432279?
True
Is 238775 a multiple of 18?
False
Is 269946 a multiple of 65?
False
Is 45983 a multiple of 69?
False
Is 1171710 a multiple of 180?
False
Does 239 divide 718745?
False
Is 8112474 a multiple of 837?
False
Is 5 a factor of 10480?
True
Is 36750 a multiple of 294?
True
Is 235158 a multiple of 21?
True
Is 1045942 a multiple of 716?
False
Is 1634 a multiple of 86?
True
Is 15838086 a multiple of 186?
True
Is 4999525 a multiple of 309?
False
Is 2074072 a multiple of 572?
True
Is 67048 a multiple of 17?
True
Is 5 a factor of 132732?
False
Is 131250 a multiple of 15?
True
Does 346 divide 4900823?
False
Is 8 a factor of 16046?
False
Is 810823 a multiple of 70?
False
Is 365679 a multiple of 52?
False
Is 12 a factor of 4136?
False
Is 106 a factor of 878569?
False
Does 12 divide 12907608?
True
Is 5223576 a multiple of 340?
Fa